{"id":4819,"date":"2026-02-27T21:37:44","date_gmt":"2026-02-28T00:37:44","guid":{"rendered":"https:\/\/ispsfrey-cha.infd.edu.ar\/sitio\/?page_id=4819"},"modified":"2026-02-27T21:37:45","modified_gmt":"2026-02-28T00:37:45","slug":"convocatoria_sh_interpretepedagogico","status":"publish","type":"page","link":"https:\/\/ispsfrey-cha.infd.edu.ar\/sitio\/convocatoria_sh_interpretepedagogico\/","title":{"rendered":"Convocatoria_SH_int\u00e9rpretepedag\u00f3gico"},"content":{"rendered":"\n<p><\/p>\n\n\n\n<p><strong>El I.E.S \u201cSan Fernando Rey\u201d- Resistencia, convoca a DOCENTES para cubrir el cargo de dedicaci\u00f3n semiexclusiva de <\/strong><strong><em>Int\u00e9rprete Pedag\u00f3gico ILSA\/E en el \u00e1mbito pedag\u00f3gico en el nivel superior<\/em><\/strong>&nbsp;para el del Profesorado de Educaci\u00f3n superior en educaci\u00f3n especial con orientaci\u00f3n en Sordos e Hipoac\u00fasicos.<\/p>\n\n\n\n<p><strong>La recepci\u00f3n de postulaciones y documentaci\u00f3n estar\u00e1\u00a0abierta desde el 27 de febrero y hasta el\u00a013 de marzo , inclusive<\/strong>\u00a0<strong>(en formato papel y digitalizada).<\/strong>\u00a0<\/p>\n\n\n\n<p><strong>Deber\u00e1n enviar la documentaci\u00f3n solicitada digitalizada,\u00a0 v\u00eda mail al siguiente correo:<\/strong>\u00a0\u00a0<a href=\"mailto:consejodirectivosanfer@gmail.com\">consejodirectivosanfer@gmail.com<\/a>\u00a0<strong>\u00a0y presentarla en formato papel a la sede del Instituto sito en av. Castelli N\u00b0 1150 de 8 a 11 hs. y de 16 A 20 hs. (para la documentaci\u00f3n digitalizada tendr\u00e1n tiempo hasta el 13 de marzo hasta las 22:00 horas inclusive). La documentaci\u00f3n presentada tanto en formato digital como impresa debe estar autenticada por autoridad competente.<\/strong><\/p>\n\n\n\n<p><strong>IMPORTANTE:<\/strong>&nbsp;<strong><em>se sugiere a los postulantes considerar los siguientes criterios y competencias a tener en cuenta a la hora de evaluar el perfil para desempe\u00f1ar el rol de int\u00e9rprete pedag\u00f3gico ILSA\/E en el \u00e1mbito pedag\u00f3gico en el nivel superior.<\/em><\/strong><\/p>\n\n\n\n<p>1-T\u00edtulo de Profesor de Educaci\u00f3n Especial Modalidad discapacitados Auditivos o Profesor de Educaci\u00f3n Especial con orientaci\u00f3n en sordos e hipoac\u00fasicos o Profesor de Educaci\u00f3n Superior en Educaci\u00f3n Especial con Orientaci\u00f3n en sordos e hipoac\u00fasicos + T\u00edtulo de T\u00e9cnico Interprete en LSA+ Experiencia comprobable en interpretaci\u00f3n (certificaciones), no menor a tres a\u00f1os.<\/p>\n\n\n\n<p>2-T\u00edtulo de Profesor de Educaci\u00f3n Especial Modalidad discapacitados Auditivos o Profesor de Educaci\u00f3n Especial con orientaci\u00f3n en sordos e hipoac\u00fasicos, o Profesor de Educaci\u00f3n Superior en Educaci\u00f3n Especial con Orientaci\u00f3n en sordos e hipoac\u00fasicos +Experiencia comprobable en interpretaci\u00f3n (certificaciones), no menor a tres a\u00f1os.<\/p>\n\n\n\n<p>3-T\u00edtulo docente +T\u00edtulo de t\u00e9cnico int\u00e9rprete LSA y\/o experiencia comprobable en interpretaci\u00f3n (certificaciones), no menor a tres a\u00f1os.<\/p>\n\n\n\n<p>4-T\u00edtulo de t\u00e9cnico int\u00e9rprete LSA +Experiencia (hs) comprobable en interpretaci\u00f3n (certificaciones), no menor a tres a\u00f1os.<\/p>\n\n\n\n<p>5-T\u00edtulo de Profesor de Educaci\u00f3n Especial Modalidad discapacitados Auditivos o Profesor de Educaci\u00f3n Especial con orientaci\u00f3n en sordos e hipoac\u00fasicos, o Profesor de Educaci\u00f3n Superior en Educaci\u00f3n Especial con Orientaci\u00f3n en sordos e hipoac\u00fasicos.<\/p>\n\n\n\n<p>6-T\u00edtulo T\u00e9cnico interprete L.S.A<\/p>\n\n\n\n<p><strong>Tener en cuenta:<\/strong><\/p>\n\n\n\n<p><strong>La no presentaci\u00f3n de la documentaci\u00f3n en las condiciones requeridas, legibles y adecuadamente ordenadas, adem\u00e1s de ser presentadas en el plazo establecido implicar\u00e1 la no aceptaci\u00f3n de la postulaci\u00f3n<\/strong><\/p>\n\n\n\n<ul>\n<li><strong>LA documentaci\u00f3n a Presentar (Formato impreso y Digitalizada) es la siguiente:<\/strong><\/li>\n<\/ul>\n\n\n\n<p><strong>&nbsp;a. Nota de Postulaci\u00f3n<\/strong> (4 copias). Deber\u00e1 constar en la nota motivo de su presentaci\u00f3n, datos personales, n\u00famero de celular y correo electr\u00f3nico.&nbsp;<\/p>\n\n\n\n<p>b<strong>. Fotocopia de DNI<\/strong> (1 copia)&nbsp;<\/p>\n\n\n\n<p>c. <strong>Curr\u00edculum Vitae<\/strong> (detallado y foliado)&nbsp;<\/p>\n\n\n\n<p>d <strong>Documentaci\u00f3n probatoria de T\u00edtulos, post\u00edtulos y posgrados<\/strong>.<\/p>\n\n\n\n<p>La documentaci\u00f3n probatoria de los antecedentes y\/o desempe\u00f1os laborales y profesionales (certificaciones de servicios, certificados de capacitaci\u00f3n o perfeccionamiento, certificados de Profesor Dictante, etc.)&nbsp;&nbsp;<\/p>\n\n\n\n<p><strong>e. Proyecto de acompa\u00f1amiento:<\/strong>se sugiere elaborarlo seg\u00fan \u00edtems y modelo que figura a continuaci\u00f3n.<\/p>\n\n\n\n<p>Para la entrega de los datos requeridos y el proyecto, se establece el siguiente formato:<\/p>\n\n\n\n<figure class=\"wp-block-table\"><table><tbody><tr><td>Datos personalesApellidos y nombres:DNI: *<\/td><td><\/td><\/tr><tr><td>T\u00edtulos (de grado, de posgrado) *<\/td><td><\/td><\/tr><tr><td>Antig\u00fcedad certificada en horas de interpretaci\u00f3n*<\/td><td><\/td><\/tr><tr><td><strong>Tema o asunto\/<\/strong><strong>Fundamentos del proyecto<\/strong><\/td><td><\/td><\/tr><tr><td><br>Fines y prop\u00f3sitos&nbsp;<\/td><td><\/td><\/tr><tr><td><br><br>Objetivos \/ metas<\/td><td><\/td><\/tr><tr><td><br>Estrategias \u2013 acciones\/Tiempo de realizaci\u00f3n&nbsp;[Considerar tiempo y espacio bimodal: presencial y virtual]<\/td><td><\/td><\/tr><tr><td><br>Recursos<\/td><td><\/td><\/tr><tr><td><br>Evaluaci\u00f3n&nbsp;<\/td><td><\/td><\/tr><\/tbody><\/table><\/figure>\n\n\n\n<p><strong>*Los datos consignados deben acompa\u00f1arse con documentaci\u00f3n respaldatoria<\/strong><strong>.<\/strong><\/p>\n","protected":false},"excerpt":{"rendered":"<p>El I.E.S \u201cSan Fernando Rey\u201d- Resistencia, convoca a DOCENTES para cubrir el cargo de dedicaci\u00f3n semiexclusiva de Int\u00e9rprete Pedag\u00f3gico ILSA\/E en el \u00e1mbito pedag\u00f3gico en el nivel superior&nbsp;para el del Profesorado de Educaci\u00f3n superior en educaci\u00f3n especial con orientaci\u00f3n en Sordos e Hipoac\u00fasicos. La recepci\u00f3n de postulaciones y documentaci\u00f3n estar\u00e1\u00a0abierta desde el 27 de febrero &#8230; <a title=\"Convocatoria_SH_int\u00e9rpretepedag\u00f3gico\" class=\"read-more\" href=\"https:\/\/ispsfrey-cha.infd.edu.ar\/sitio\/convocatoria_sh_interpretepedagogico\/\" aria-label=\"More on Convocatoria_SH_int\u00e9rpretepedag\u00f3gico\">[+]<\/a><\/p>\n","protected":false},"author":770,"featured_media":0,"parent":0,"menu_order":0,"comment_status":"closed","ping_status":"closed","template":"","meta":[],"acf":[],"_links":{"self":[{"href":"https:\/\/ispsfrey-cha.infd.edu.ar\/sitio\/wp-json\/wp\/v2\/pages\/4819"}],"collection":[{"href":"https:\/\/ispsfrey-cha.infd.edu.ar\/sitio\/wp-json\/wp\/v2\/pages"}],"about":[{"href":"https:\/\/ispsfrey-cha.infd.edu.ar\/sitio\/wp-json\/wp\/v2\/types\/page"}],"author":[{"embeddable":true,"href":"https:\/\/ispsfrey-cha.infd.edu.ar\/sitio\/wp-json\/wp\/v2\/users\/770"}],"replies":[{"embeddable":true,"href":"https:\/\/ispsfrey-cha.infd.edu.ar\/sitio\/wp-json\/wp\/v2\/comments?post=4819"}],"version-history":[{"count":1,"href":"https:\/\/ispsfrey-cha.infd.edu.ar\/sitio\/wp-json\/wp\/v2\/pages\/4819\/revisions"}],"predecessor-version":[{"id":4820,"href":"https:\/\/ispsfrey-cha.infd.edu.ar\/sitio\/wp-json\/wp\/v2\/pages\/4819\/revisions\/4820"}],"wp:attachment":[{"href":"https:\/\/ispsfrey-cha.infd.edu.ar\/sitio\/wp-json\/wp\/v2\/media?parent=4819"}],"curies":[{"name":"wp","href":"https:\/\/api.w.org\/{rel}","templated":true}]}}