{"id":3665,"date":"2023-02-27T19:14:16","date_gmt":"2023-02-27T22:14:16","guid":{"rendered":"https:\/\/ispsfrey-cha.infd.edu.ar\/sitio\/?page_id=3665"},"modified":"2026-03-25T11:03:10","modified_gmt":"2026-03-25T14:03:10","slug":"novedades-2023","status":"publish","type":"page","link":"https:\/\/ispsfrey-cha.infd.edu.ar\/sitio\/novedades-2023\/","title":{"rendered":"Novedades"},"content":{"rendered":"\n<p><\/p>\n\n\n<div id=\"toolbar-32430bc7-bc16-461c-a81f-04467d2fc8d7\" class=\"block-library-classic__toolbar has-advanced-toolbar\" data-placeholder=\"Cl\u00e1sico\">\n<div id=\"mceu_116\" class=\"mce-tinymce mce-tinymce-inline mce-container mce-panel\" style=\"border-width: 1px; left: 0px; top: 0px; width: 0px; height: 0px;\" tabindex=\"-1\" role=\"application\">\n<div id=\"mceu_116-body\" class=\"mce-container-body mce-abs-layout\" style=\"width: 0px; height: 0px;\">\n<div id=\"mceu_117\" class=\"mce-toolbar-grp mce-container mce-panel mce-abs-layout-item mce-first mce-last\" style=\"left: 0px; top: 0px; width: 0px; height: 0px;\" tabindex=\"-1\" role=\"group\">\n<div id=\"mceu_117-body\" class=\"mce-container-body mce-stack-layout\" style=\"width: 0px; height: 0px;\">\n<div id=\"mceu_120\" class=\"mce-container mce-toolbar mce-stack-layout-item mce-last\" role=\"toolbar\">\n<div id=\"mceu_120-body\" class=\"mce-container-body mce-flow-layout\">\n<div style=\"text-align: center;\">\u00a0<\/div>\n<\/div>\n<\/div>\n<\/div>\n<\/div>\n<\/div>\n<\/div>\n<\/div>\n<div id=\"editor-32430bc7-bc16-461c-a81f-04467d2fc8d7\" class=\"wp-block-freeform block-library-rich-text__tinymce mce-content-body html5-captions mce-edit-focus\" style=\"position: relative;\" contenteditable=\"true\">\n<h4>Si necesitas Informaci\u00f3n sobre Becas PROGRESAR:\u00a0 <img decoding=\"async\" loading=\"lazy\" class=\"wp-image-4896 aligncenter\" src=\"https:\/\/ispsfrey-cha.infd.edu.ar\/sitio\/wp-content\/uploads\/2026\/03\/WhatsApp-Image-2026-03-25-at-11.00.13-768x1000.jpeg\" alt=\"\" width=\"312\" height=\"406\" srcset=\"https:\/\/ispsfrey-cha.infd.edu.ar\/sitio\/wp-content\/uploads\/2026\/03\/WhatsApp-Image-2026-03-25-at-11.00.13-768x1000.jpeg 768w, https:\/\/ispsfrey-cha.infd.edu.ar\/sitio\/wp-content\/uploads\/2026\/03\/WhatsApp-Image-2026-03-25-at-11.00.13.jpeg 983w\" sizes=\"(max-width: 312px) 100vw, 312px\" \/><\/h4>\n<hr \/>\n<p><img decoding=\"async\" loading=\"lazy\" class=\"alignnone  wp-image-4882\" src=\"https:\/\/ispsfrey-cha.infd.edu.ar\/sitio\/wp-content\/uploads\/2026\/03\/WhatsApp-Image-2026-03-16-at-13.14.06-1000x563.jpeg\" alt=\"\" width=\"404\" height=\"227\" srcset=\"https:\/\/ispsfrey-cha.infd.edu.ar\/sitio\/wp-content\/uploads\/2026\/03\/WhatsApp-Image-2026-03-16-at-13.14.06-1000x563.jpeg 1000w, https:\/\/ispsfrey-cha.infd.edu.ar\/sitio\/wp-content\/uploads\/2026\/03\/WhatsApp-Image-2026-03-16-at-13.14.06-768x432.jpeg 768w, https:\/\/ispsfrey-cha.infd.edu.ar\/sitio\/wp-content\/uploads\/2026\/03\/WhatsApp-Image-2026-03-16-at-13.14.06.jpeg 1280w\" sizes=\"(max-width: 404px) 100vw, 404px\" \/>\u00a0 \u00a0 \u00a0 <img decoding=\"async\" loading=\"lazy\" class=\"alignnone  wp-image-4883\" src=\"https:\/\/ispsfrey-cha.infd.edu.ar\/sitio\/wp-content\/uploads\/2026\/03\/WhatsApp-Image-2026-03-16-at-13.14.07-1000x563.jpeg\" alt=\"\" width=\"400\" height=\"225\" srcset=\"https:\/\/ispsfrey-cha.infd.edu.ar\/sitio\/wp-content\/uploads\/2026\/03\/WhatsApp-Image-2026-03-16-at-13.14.07-1000x563.jpeg 1000w, https:\/\/ispsfrey-cha.infd.edu.ar\/sitio\/wp-content\/uploads\/2026\/03\/WhatsApp-Image-2026-03-16-at-13.14.07-768x432.jpeg 768w, https:\/\/ispsfrey-cha.infd.edu.ar\/sitio\/wp-content\/uploads\/2026\/03\/WhatsApp-Image-2026-03-16-at-13.14.07.jpeg 1280w\" sizes=\"(max-width: 400px) 100vw, 400px\" \/><\/p>\n<p>Los ingresantes de las carreras de Ingl\u00e9s de a\u00f1os anteriores deben <span style=\"color: #008000;\"><strong>inscribirse a la evaluaci\u00f3n diagn\u00f3stica para el 27 de marzo<\/strong><\/span> en la p\u00e1gina desde el SAE<\/p>\n<hr \/>\n<h4><span style=\"color: #800080;\">Inscripci\u00f3n abierta hasta el 12 de marzo! <\/span><\/h4>\n<h4><span style=\"color: #800080;\">Te esperamos si est\u00e1s interesado\/a en alguna de las carreras 2026.\u00a0<\/span><\/h4>\n<p>Ingresando en <a href=\"https:\/\/ispsfrey-cha.infd.edu.ar\/sitio\/ingreso2020\/\"><strong>https:\/\/ispsfrey-cha.infd.edu.ar\/sitio\/ingreso2020<\/strong>\/<\/a> se puede ver la informaci\u00f3n.<\/p>\n<p>Lunes <span style=\"color: #800080;\"><strong><em>16 de Marzo comienza el Taller de ingreso<\/em><\/strong><\/span> en el turno que te inscribiste para cursar!\u00a0<\/p>\n<p><img decoding=\"async\" loading=\"lazy\" class=\"wp-image-4854 aligncenter\" src=\"https:\/\/ispsfrey-cha.infd.edu.ar\/sitio\/wp-content\/uploads\/2026\/03\/WhatsApp-Image-2026-03-10-at-19.20.30-1000x563.jpeg\" alt=\"\" width=\"506\" height=\"285\" srcset=\"https:\/\/ispsfrey-cha.infd.edu.ar\/sitio\/wp-content\/uploads\/2026\/03\/WhatsApp-Image-2026-03-10-at-19.20.30-1000x563.jpeg 1000w, https:\/\/ispsfrey-cha.infd.edu.ar\/sitio\/wp-content\/uploads\/2026\/03\/WhatsApp-Image-2026-03-10-at-19.20.30-768x432.jpeg 768w, https:\/\/ispsfrey-cha.infd.edu.ar\/sitio\/wp-content\/uploads\/2026\/03\/WhatsApp-Image-2026-03-10-at-19.20.30.jpeg 1280w\" sizes=\"(max-width: 506px) 100vw, 506px\" \/><\/p>\n<hr \/>\n<p><span style=\"color: #000000;\"><strong>Se recuerda a todos los estudiantes que adeuden unidades curriculares <span style=\"color: #ff6600;\">en modalidad presencial la regularidad se mantiener por 2 a\u00f1os<\/span>, pasado ese tiempo deber\u00e1n\u00a0 iniciar un nuevo cursado o rendir en la condici\u00f3n de alumno libre siempre que la unidad curricular lo permita. (Resoluci\u00f3n MECCyT N\u00b0 1338\/2024, Pto 40).<\/strong><\/span><\/p>\n<hr \/>\n<p>La <span style=\"color: #33cccc;\"><strong>inscripci\u00f3n a cursado abrir\u00e1 el 25 de marzo<\/strong><\/span> para unidades curriculares de 2do a 4to a\u00f1o y recursantes de 1ero!<\/p>\n<p><span style=\"color: #666699;\"><span style=\"color: #33cccc;\">L<strong>as clases al 1er cuatrimestre inician el 6 de abril<\/strong>!<\/span><\/span><\/p>\n<hr \/>\n<h5>El IES San Fernando Rey realiza hasta el 13 de Marzo de 2026 una \u00ab<strong>Convocatoria para cubrir un cargo de <\/strong><strong>dedicaci\u00f3n semiexclusiva de Int\u00e9rprete Pedag\u00f3gico ILSA\/E en el \u00e1mbito pedag\u00f3gico en el nivel superior<\/strong>\u00ab. Para mayor informaci\u00f3n, ingrese al men\u00fa <a href=\"https:\/\/ispsfrey-cha.infd.edu.ar\/sitio\/convocatoria_sh_interpretepedagogico\/\" target=\"_blank\" rel=\"noopener\">Convocatoria_SH_int\u00e9rpretepedag\u00f3gico<\/a><\/h5>\n<hr \/>\n<h5>IMPORTANT\u00cdSIMO para <span style=\"color: #ff0000;\">egresados 2025<\/span><br \/>Dada la Resoluci\u00f3n 07\/26 MECCyT, referida al Calendario escolar 2026, tienen tiempo de presentar la documentaci\u00f3n para gestionar su t\u00edtulo, en la oficina del IES San Fernando Rey, hasta el 25 de marzo de 2026.<br \/>SECTOR T\u00cdTULO 25\/02\/2026.<\/h5>\n<hr \/>\n<h5>Ya se encuentra abierta la <span style=\"color: #ff00ff;\">inscripci\u00f3n para las mesas examinadoras <span style=\"color: #000000;\">de: <\/span><\/span><\/h5>\n<h5><span style=\"color: #000000;\">1er turno de 26\/02 al 11\/03\u00a0<\/span><\/h5>\n<h5><span style=\"color: #000000;\">2do turno de 12\/03 al 27\/03.<\/span><\/h5>\n<p><span style=\"color: #000000;\">Tambi\u00e9n informamos que las mesas programadas el 23\/03 pasan al 2<\/span>6\/03, y las del 24\/03 pasan al 27\/03. Cualquier inconveniente pueden acercarse a consultar en la instituci\u00f3n o por correo a <a href=\"mailto:areacarga@gmail.com\">areacarga@gmail.com.<\/a><\/p>\n<hr \/>\n<p><a href=\"mailto:areacarga@gmail.com\">Informamos a los egresados 2025 y 2026 las fechas importantes estipuladas por RES 2026-7-29-1610 \u00bb Calendario B\u00e1sico Escolar para el per\u00edodo 2026&#8243; con el fin de recalcar la importancia en la entrega de la documentaci\u00f3n necesaria para la tramitaci\u00f3n del T\u00edtulo, sea de manera r\u00e1pida para encuadrarse en la normativa vigente. Recordamos que deben presentar: 1) Fotocopia de DNI 2) Fotocopia de Partida de nacimiento. Actualizada 3) Libre de deuda de la Biblioteca. Cualquier duda escriban al correo tituloiessfr@gmail.com \u00abLos esperamos &#x1f469;&#x1f3fb;&#x200d;&#x1f3eb;&#x1f9d1;&#x1f3fd;&#x200d;&#x1f3eb;\u00bb.<\/a><\/p>\n<p><a href=\"https:\/\/ispsfrey-cha.infd.edu.ar\/sitio\/wp-content\/uploads\/2026\/02\/Documento-159.pdf\"><img decoding=\"async\" loading=\"lazy\" class=\"wp-image-4775 aligncenter\" src=\"https:\/\/ispsfrey-cha.infd.edu.ar\/sitio\/wp-content\/uploads\/2026\/02\/Titulo-Fechas.png\" alt=\"\" width=\"295\" height=\"502\" \/><\/a><\/p>\n<hr \/><\/div>\n<p><!--more--><\/p>\n<p><!--more--><\/p>\n<p><!--more--><\/p>\n\n\n<p><\/p>\n\n\n\n<p><\/p>\n","protected":false},"excerpt":{"rendered":"<p>\u00a0 Si necesitas Informaci\u00f3n sobre Becas PROGRESAR:\u00a0 \u00a0 \u00a0 \u00a0 Los ingresantes de las carreras de Ingl\u00e9s de a\u00f1os anteriores deben inscribirse a la evaluaci\u00f3n diagn\u00f3stica para el 27 de marzo en la p\u00e1gina desde el SAE Inscripci\u00f3n abierta hasta el 12 de marzo! Te esperamos si est\u00e1s interesado\/a en alguna de las carreras 2026.\u00a0 &#8230; <a title=\"Novedades\" class=\"read-more\" href=\"https:\/\/ispsfrey-cha.infd.edu.ar\/sitio\/novedades-2023\/\" aria-label=\"More on Novedades\">[+]<\/a><\/p>\n","protected":false},"author":197,"featured_media":0,"parent":0,"menu_order":0,"comment_status":"closed","ping_status":"closed","template":"","meta":[],"acf":[],"_links":{"self":[{"href":"https:\/\/ispsfrey-cha.infd.edu.ar\/sitio\/wp-json\/wp\/v2\/pages\/3665"}],"collection":[{"href":"https:\/\/ispsfrey-cha.infd.edu.ar\/sitio\/wp-json\/wp\/v2\/pages"}],"about":[{"href":"https:\/\/ispsfrey-cha.infd.edu.ar\/sitio\/wp-json\/wp\/v2\/types\/page"}],"author":[{"embeddable":true,"href":"https:\/\/ispsfrey-cha.infd.edu.ar\/sitio\/wp-json\/wp\/v2\/users\/197"}],"replies":[{"embeddable":true,"href":"https:\/\/ispsfrey-cha.infd.edu.ar\/sitio\/wp-json\/wp\/v2\/comments?post=3665"}],"version-history":[{"count":200,"href":"https:\/\/ispsfrey-cha.infd.edu.ar\/sitio\/wp-json\/wp\/v2\/pages\/3665\/revisions"}],"predecessor-version":[{"id":4897,"href":"https:\/\/ispsfrey-cha.infd.edu.ar\/sitio\/wp-json\/wp\/v2\/pages\/3665\/revisions\/4897"}],"wp:attachment":[{"href":"https:\/\/ispsfrey-cha.infd.edu.ar\/sitio\/wp-json\/wp\/v2\/media?parent=3665"}],"curies":[{"name":"wp","href":"https:\/\/api.w.org\/{rel}","templated":true}]}}