{"id":3376,"date":"2022-06-14T19:15:17","date_gmt":"2022-06-14T22:15:17","guid":{"rendered":"https:\/\/ispsfrey-cha.infd.edu.ar\/sitio\/?page_id=3376"},"modified":"2025-12-15T18:14:54","modified_gmt":"2025-12-15T21:14:54","slug":"inscripcion-int-y-sup-2022","status":"publish","type":"page","link":"https:\/\/ispsfrey-cha.infd.edu.ar\/sitio\/inscripcion-int-y-sup-2022\/","title":{"rendered":"Inscripci\u00f3n Int y Sup"},"content":{"rendered":"<div dir=\"ltr\">\n<div dir=\"ltr\">\n<div>\n<div dir=\"ltr\">\n<div dir=\"ltr\">\n<p>La Junta de Clasificaci\u00f3n de Nivel Superior, comunica a los docentes interesados, que se encuentran disponibles las Listas de RECTIFICACI\u00d3N\/ RATIFICACI\u00d3N DE INTERINATOS Y SUPLENCIAS PERIODO A 2025, a partir del 15 de diciembre del a\u00f1o en curso, en el siguiente link:\u00a0<a href=\"https:\/\/drive.google.com\/drive\/folders\/14YLtJHymH9khwkLkJ0IbGIzp5sKbqxBf\" target=\"_blank\" rel=\"nofollow noopener noreferrer\">https:\/\/drive.google.com\/drive\/folders\/14YLtJHymH9khwkLkJ0IbGIzp5sKbqxBf<\/a><\/p>\n<\/div>\n<div dir=\"ltr\">\n<table width=\"100%\" cellspacing=\"0\" cellpadding=\"0\">\n<tbody>\n<tr>\n<td>\n<div>\n<p>La Junta de Clasificaci\u00f3n de Nivel Superior, comunica a los docentes interesados, que <span style=\"color: #ff0000;\">se encuentran disponibles las Listas de Orden de M\u00e9ritos de Educaci\u00f3n Superior, correspondientes al Periodo \u201cA\u201d 2025<\/span>, a partir del\u00a0<b>18 de septiembre<\/b>\u00a0del a\u00f1o en curso, en el siguiente link:\u00a0<\/p>\n<p><a href=\"https:\/\/drive.google.com\/drive\/folders\/1GmtU6NV3W3aMyil4L8SiTvhufwx_0l4c?usp=drive_link\" target=\"_blank\" rel=\"nofollow noopener noreferrer\"><span lang=\"ES-MX\">https:\/\/drive.google.com\/drive\/folders\/1GmtU6NV3W3aMyil4L8SiTvhufwx_0l4c?usp=drive_link<\/span><\/a><\/p>\n<p><span lang=\"ES-MX\">As\u00ed mismo se comunica que, el periodo de tachas se encuentra abierto desde el\u00a0<b>19 de septiembre hasta el 02 de octubre (inclusive)<\/b>. Los reclamos deben realizarse exclusivamente a trav\u00e9s de los Institutos de Educaci\u00f3n Superior, (en uno solo de los\u00a0<a href=\"http:\/\/i.es\/\" target=\"_blank\" rel=\"nofollow noopener noreferrer\">I.ES<\/a>. en que se inscribi\u00f3, mencionando los dem\u00e1s Institutos en los que solicita la rectificaci\u00f3n del puntaje) y adjuntando toda documentaci\u00f3n, en formato papel, debidamente autenticada por autoridad competente.<\/span><\/p>\n<p>Adem\u00e1s\u00a0<span lang=\"ES-MX\">comunica a la docencia en general que, para el Periodo de Tachas \u201cA\u201d 2025,\u00a0<b><u>no se solicitar\u00e1 la presentaci\u00f3n de<\/u><\/b>:<\/span><\/p>\n<p><span lang=\"ES-MX\">1)\u00a0\u00a0\u00a0\u00a0\u00a0\u00a0<\/span><span lang=\"ES-MX\">Certificado de Antecedentes Penales (seg\u00fan Resoluci\u00f3n N\u00b0 3777\/2024. Se recuerda que la emisi\u00f3n del instrumento legal mencionado, es posterior a la fecha de inscripci\u00f3n correspondiente al periodo arriba mencionado)<\/span><\/p>\n<div><span lang=\"ES-MX\">2)\u00a0\u00a0\u00a0\u00a0\u00a0\u00a0<\/span><span lang=\"ES-MX\">Certificado de domicilio. Se recomienda su presentaci\u00f3n en siguientes periodos de inscripci\u00f3n, a fin de actualizar la base de datos de la J.C.E.S y dar cumplimiento a lo normado en Ley N\u00b0 4662\/99, que da prioridad en el orden de m\u00e9rito a los docentes que residen en la provincia.<\/span><\/div>\n<\/div>\n<\/td>\n<\/tr>\n<\/tbody>\n<\/table>\n<\/div>\n<div dir=\"ltr\"><hr \/><span lang=\"ES-MX\">Se encuentran disponibles las Listas de <b>RECTIFICACI\u00d3N\/ RATIFICACI\u00d3N<\/b>\u00a0DE INTERINATOS Y SUPLENCIAS PERIODO B 2024,\u00a0\u00a0partir del\u00a0<b>22 de octubre\u00a0<\/b>del a\u00f1o en curso, en el siguiente link:<\/span><\/div>\n<div dir=\"ltr\"><span lang=\"ES-MX\"><a href=\"https:\/\/drive.google.com\/drive\/folders\/14poPBeWc_U0dmjAYxJK7mr_8TR_BvTrA?usp=sharing\" target=\"_blank\" rel=\"nofollow noopener noreferrer\">https:\/\/drive.google.com\/drive\/folders\/14poPBeWc_U0dmjAYxJK7mr_8TR_BvTrA?usp=sharing<\/a><\/span><\/div>\n<\/div>\n<div dir=\"ltr\"><hr \/><span lang=\"ES-MX\"><span style=\"font-size: medium;\">Se encuentran disponibles las Listas de Orden de M\u00e9ritos de Educaci\u00f3n Superior correspondientes al Periodo \u201cB\u201d 2024, a partir del <b>13 de junio<\/b>\u00a0del a\u00f1o en curso,<\/span>\u00a0en el siguiente link:<\/span><\/div>\n<div><span lang=\"ES-MX\">\u00a0<\/span><\/div>\n<div><a href=\"https:\/\/drive.google.com\/drive\/folders\/1G2laWIAZq8w5obmO3ufAuNrGH3fSvn7X?usp=sharing\" target=\"_blank\" rel=\"nofollow noopener noreferrer\">https:\/\/drive.google.com\/drive\/folders\/1G2laWIAZq8w5obmO3ufAuNrGH3fSvn7X?usp=sharing<\/a><\/div>\n<div>\u00a0<\/div>\n<div><span style=\"font-size: medium;\"><span lang=\"ES-MX\">El periodo de tachas se encuentra abierto desde el <b>13 de junio hasta el 01 de julio (inclusive)<\/b>. Los reclamos deben realizarse exclusivamente a trav\u00e9s de los Institutos de Educaci\u00f3n Superior, (en uno solo de los\u00a0<a href=\"http:\/\/i.es\/\" target=\"_blank\" rel=\"nofollow noopener noreferrer\">I.ES<\/a>. en que se inscribi\u00f3, mencionando los dem\u00e1s Institutos en los que solicita la rectificaci\u00f3n del puntaje) y adjuntando toda documentaci\u00f3n, en formato papel, debidamente autenticada por autoridad competente.<\/span><b><span lang=\"ES\">\u00a0<\/span><\/b><\/span><\/div>\n<\/div>\n<div><hr \/>La Junta de Clasificaci\u00f3n de Nivel Superior, comunica a los docentes de interesados, que se encuentran disponibles las Listas de Orden de M\u00e9ritos de Educaci\u00f3n Superior, correspondientes al Periodo \u201cA\u201d 2024, a partir del 01 de mayo del a\u00f1o en curso, en el siguiente link:<\/div>\n<div>\u00a0<\/div>\n<div dir=\"ltr\">\u00a0<a href=\"https:\/\/drive.google.com\/drive\/folders\/1GPhccW2DhP-dZgutxrL1HPNM5i5lKZHD?usp=sharing\" target=\"_blank\" rel=\"nofollow noopener\" data-saferedirecturl=\"https:\/\/www.google.com\/url?q=https:\/\/drive.google.com\/drive\/folders\/1GPhccW2DhP-dZgutxrL1HPNM5i5lKZHD?usp%3Dsharing&amp;source=gmail&amp;ust=1714756486703000&amp;usg=AOvVaw1Vcemls4ZuLYeZ7M4fFbYq\">https:\/\/drive.google.com\/<wbr \/>drive\/folders\/1GPhccW2DhP-<wbr \/>dZgutxrL1HPNM5i5lKZHD?usp=<wbr \/>sharing<\/a>\n<p>\u00a0<\/p>\n<hr \/><\/div>\n<\/div>\n<div dir=\"ltr\">La\u00a0<b>JUNTA DE CLASIFICACI\u00d3N DE NIVEL SUPERIOR<\/b> informa enlace a trav\u00e9s del cual se accede a Listas Definitivas de Interinatos y Suplencias, Periodo \u00abB\u00bb 2023.<\/div>\n<div>\u00a0<\/div>\n<div dir=\"ltr\">\n<div>\n<p>\u00b7\u00a0\u00a0\u00a0\u00a0\u00a0\u00a0\u00a0\u00a0\u00a0<a href=\"https:\/\/drive.google.com\/drive\/folders\/1LpIU28gJ1QIiKcid7g-eaV9Q5NzRdVih?usp=drive_link\" target=\"_blank\" rel=\"nofollow noopener\" data-saferedirecturl=\"https:\/\/www.google.com\/url?q=https:\/\/drive.google.com\/drive\/folders\/1LpIU28gJ1QIiKcid7g-eaV9Q5NzRdVih?usp%3Ddrive_link&amp;source=gmail&amp;ust=1693433727335000&amp;usg=AOvVaw0vwV8SCJyJx55aSbmDY-XU\">https:\/\/drive.google.com\/<wbr \/>drive\/folders\/<wbr \/>1LpIU28gJ1QIiKcid7g-<wbr \/>eaV9Q5NzRdVih?usp=drive_link<\/a><\/p>\n<div><b>SI\u00a0\u00a0NO PUEDE ACCEDER DIRECTAMENTE EN EL DRIVE, COPIAR Y PEGAR EL MISMO EN\u00a0 EL NAVEGADOR<\/b>\u00a0 \u00a0 \u00a0 \u00a0 \u00a0 \u00a0 \u00a0 \u00a0 \u00a0 \u00a0 \u00a0<\/div>\n<\/div>\n<\/div>\n<div dir=\"ltr\"><hr \/><\/div>\n<p><span style=\"color: #800080;\">El periodo de tacha de las listas de Interinatos y Suplencias Periodo \u00abB\u00bb 2023, <b>es desde el 21 de junio y hasta el 04 de julio (inclusive)<\/b>\u00a0no recibiendo documentaci\u00f3n alguna antes de esa fecha. Solicitamos cumplir con los plazos establecidos respetando los derechos de los colegas para realizar y presentar las notas de reclamo.<\/span><\/p>\n<hr \/>\n<p>La\u00a0<b>JUNTA DE CLASIFICACI\u00d3N DE NIVEL SUPERIOR<\/b>\u00a0&#8211; comunica a los docentes que desde el d\u00eda 16 junio se encuentran publicadas las LISTAS PROVISORIAS de orden de m\u00e9rito interinatos y suplencias Per\u00edodo \u201cB\u201d 2023 en:<\/p>\n<p>\u00b7\u00a0\u00a0\u00a0\u00a0\u00a0\u00a0\u00a0\u00a0\u00a0<a href=\"https:\/\/drive.google.com\/drive\/folders\/1SSAtqWYqlMqu6CU9_tRJOT1YdfZvnAxf?usp=sharing\" target=\"_blank\" rel=\"nofollow noopener noreferrer\">https:\/\/drive.google.com\/drive\/folders\/1SSAtqWYqlMqu6CU9_tRJOT1YdfZvnAxf?usp=sharing<\/a><\/p>\n<p>\u00b7\u00a0\u00a0\u00a0\u00a0\u00a0\u00a0\u00a0\u00a0\u00a0<a href=\"https:\/\/dirdocumentacion.educacion.chaco.gob.ar\/\" target=\"_blank\" rel=\"nofollow noopener noreferrer\">https:\/\/dirdocumentacion.educacion.chaco.gob.ar\/<\/a><\/p>\n<p>\u00b7\u00a0\u00a0\u00a0\u00a0\u00a0\u00a0\u00a0\u00a0\u00a0<a href=\"http:\/\/xn--educacin-13a.chaco.gob.ar\/\" target=\"_blank\" rel=\"nofollow noopener noreferrer\">educaci\u00f3n.chaco.gob.ar<\/a><\/p>\n<hr \/>Desde el 1 al 30 de Junio, <span style=\"color: #993300;\"><strong>se encuentra abierta la inscripci\u00f3n a Interinatos y Suplencias Periodo \u00abA\u00bb 2024<\/strong><\/span>.<\/div>\n<div dir=\"ltr\">La misma se realizar\u00e1 \u00fanicamente de manera virtual a trav\u00e9s de la aplicaci\u00f3n SIE perteneciente a la\u00a0\u00a0plataforma Tu Gobierno Digital. \u00a0Se adjunta <a href=\"https:\/\/drive.google.com\/file\/d\/13w0O_gxra-xcJ9rOnyJVxA2bk6mayYLa\/view?usp=sharing\"><span style=\"color: #0000ff;\"><strong>Instructivo enviado por la Junta de Clasificaci\u00f3n de Nivel Superior.<\/strong><\/span><\/a><\/div>\n<div dir=\"ltr\"><hr \/>La JUNTA DE CLASIFICACI\u00d3N DE NIVEL SUPERIOR comunica a los docentes que desde el d\u00eda 3 de mayo <span style=\"color: #800080;\"><strong>se encuentran publicadas las LISTAS PROVISORIAS de orden de m\u00e9rito interinatos y suplencias Per\u00edodo \u201cA\u201d 2023<\/strong><\/span> en:<\/div>\n<ul>\n<li><a href=\"https:\/\/drive.google.com\/drive\/folders\/1SVs2R0oD0An5S3unPZWP4y5fi4ShvePU?usp=share_link\">https:\/\/drive.google.com\/drive\/folders\/1SVs2R0oD0An5S3unPZWP4y5fi4ShvePU?usp=share_link<\/a><\/li>\n<\/ul>\n<p>El per\u00edodo de tachas se encuentra habilitado desde el d\u00eda 05 de mayo hasta el d\u00eda 18 de mayo de 2023. Los reclamos deber\u00e1n realizarse exclusivamente por nota en uno de los IES donde se inscribi\u00f3, mencionando en la misma los dem\u00e1s IES, d\u00f3nde realiz\u00f3 tambi\u00e9n la inscripci\u00f3n y adjuntando toda documentaci\u00f3n certificada para mejorar la valoraci\u00f3n recurrida. (Publicado 03.05.23)<\/p>\n<hr \/>\n<p><span style=\"color: #800080;\"><strong>Informaci\u00f3n propia de la instituci\u00f3n<\/strong><\/span><\/p>\n\n\n<p><a href=\"https:\/\/drive.google.com\/drive\/folders\/1uuWcOlub5v8emHY_LwvzUSqMKqz_3ADo?usp=sharing\">Planes de Estudio Carreras Ofrecidas<\/a><\/p>\n\n\n\n<p><a href=\"https:\/\/drive.google.com\/file\/d\/17DdseZHHYK_ecbmFnhjyFtw6QWvGh0zA\/view?usp=sharing\">RM de competencias 1ro y 2do a\u00f1o<\/a><\/p>\n\n\n\n<p><a href=\"https:\/\/drive.google.com\/file\/d\/16RtR0nsHM1SgKeqJwsbc_VjGm2oUSeAq\/view?usp=sharing\">RM de competencias de 3ro en adelante<\/a><\/p>\n\n\n\n<p><a href=\"https:\/\/drive.google.com\/drive\/folders\/1LF41-3wzhMgpPHNHzG3XQSPdbDPsx2RQ?usp=sharing\">RM de competencias de Bibliotecolog\u00eda<\/a><\/p>\n","protected":false},"excerpt":{"rendered":"<p>La Junta de Clasificaci\u00f3n de Nivel Superior, comunica a los docentes interesados, que se encuentran disponibles las Listas de RECTIFICACI\u00d3N\/ RATIFICACI\u00d3N DE INTERINATOS Y SUPLENCIAS PERIODO A 2025, a partir del 15 de diciembre del a\u00f1o en curso, en el siguiente link:\u00a0https:\/\/drive.google.com\/drive\/folders\/14YLtJHymH9khwkLkJ0IbGIzp5sKbqxBf La Junta de Clasificaci\u00f3n de Nivel Superior, comunica a los docentes interesados, que &#8230; <a title=\"Inscripci\u00f3n Int y Sup\" class=\"read-more\" href=\"https:\/\/ispsfrey-cha.infd.edu.ar\/sitio\/inscripcion-int-y-sup-2022\/\" aria-label=\"More on Inscripci\u00f3n Int y Sup\">[+]<\/a><\/p>\n","protected":false},"author":197,"featured_media":0,"parent":0,"menu_order":0,"comment_status":"closed","ping_status":"closed","template":"","meta":[],"acf":[],"_links":{"self":[{"href":"https:\/\/ispsfrey-cha.infd.edu.ar\/sitio\/wp-json\/wp\/v2\/pages\/3376"}],"collection":[{"href":"https:\/\/ispsfrey-cha.infd.edu.ar\/sitio\/wp-json\/wp\/v2\/pages"}],"about":[{"href":"https:\/\/ispsfrey-cha.infd.edu.ar\/sitio\/wp-json\/wp\/v2\/types\/page"}],"author":[{"embeddable":true,"href":"https:\/\/ispsfrey-cha.infd.edu.ar\/sitio\/wp-json\/wp\/v2\/users\/197"}],"replies":[{"embeddable":true,"href":"https:\/\/ispsfrey-cha.infd.edu.ar\/sitio\/wp-json\/wp\/v2\/comments?post=3376"}],"version-history":[{"count":21,"href":"https:\/\/ispsfrey-cha.infd.edu.ar\/sitio\/wp-json\/wp\/v2\/pages\/3376\/revisions"}],"predecessor-version":[{"id":4730,"href":"https:\/\/ispsfrey-cha.infd.edu.ar\/sitio\/wp-json\/wp\/v2\/pages\/3376\/revisions\/4730"}],"wp:attachment":[{"href":"https:\/\/ispsfrey-cha.infd.edu.ar\/sitio\/wp-json\/wp\/v2\/media?parent=3376"}],"curies":[{"name":"wp","href":"https:\/\/api.w.org\/{rel}","templated":true}]}}