{"id":1440,"date":"2018-09-25T11:25:40","date_gmt":"2018-09-25T14:25:40","guid":{"rendered":"https:\/\/ispsfrey-cha.infd.edu.ar\/sitio\/?page_id=1440"},"modified":"2026-03-16T22:15:20","modified_gmt":"2026-03-17T01:15:20","slug":"ingreso2020","status":"publish","type":"page","link":"https:\/\/ispsfrey-cha.infd.edu.ar\/sitio\/ingreso2020\/","title":{"rendered":"REQUISITOS PARA LA INSCRIPCI\u00d3N"},"content":{"rendered":"<p><img decoding=\"async\" loading=\"lazy\" class=\"wp-image-4872 aligncenter\" src=\"https:\/\/ispsfrey-cha.infd.edu.ar\/sitio\/wp-content\/uploads\/2026\/03\/Extension-Insc.jpg\" alt=\"\" width=\"279\" height=\"386\" \/><\/p>\n<p><img decoding=\"async\" loading=\"lazy\" class=\"alignnone  wp-image-4883\" src=\"https:\/\/ispsfrey-cha.infd.edu.ar\/sitio\/wp-content\/uploads\/2026\/03\/WhatsApp-Image-2026-03-16-at-13.14.07-1000x563.jpeg\" alt=\"\" width=\"448\" height=\"252\" srcset=\"https:\/\/ispsfrey-cha.infd.edu.ar\/sitio\/wp-content\/uploads\/2026\/03\/WhatsApp-Image-2026-03-16-at-13.14.07-1000x563.jpeg 1000w, https:\/\/ispsfrey-cha.infd.edu.ar\/sitio\/wp-content\/uploads\/2026\/03\/WhatsApp-Image-2026-03-16-at-13.14.07-768x432.jpeg 768w, https:\/\/ispsfrey-cha.infd.edu.ar\/sitio\/wp-content\/uploads\/2026\/03\/WhatsApp-Image-2026-03-16-at-13.14.07.jpeg 1280w\" sizes=\"(max-width: 448px) 100vw, 448px\" \/>\u00a0 \u00a0 \u00a0<img decoding=\"async\" loading=\"lazy\" class=\"alignnone  wp-image-4882\" src=\"https:\/\/ispsfrey-cha.infd.edu.ar\/sitio\/wp-content\/uploads\/2026\/03\/WhatsApp-Image-2026-03-16-at-13.14.06-1000x563.jpeg\" alt=\"\" width=\"449\" height=\"253\" srcset=\"https:\/\/ispsfrey-cha.infd.edu.ar\/sitio\/wp-content\/uploads\/2026\/03\/WhatsApp-Image-2026-03-16-at-13.14.06-1000x563.jpeg 1000w, https:\/\/ispsfrey-cha.infd.edu.ar\/sitio\/wp-content\/uploads\/2026\/03\/WhatsApp-Image-2026-03-16-at-13.14.06-768x432.jpeg 768w, https:\/\/ispsfrey-cha.infd.edu.ar\/sitio\/wp-content\/uploads\/2026\/03\/WhatsApp-Image-2026-03-16-at-13.14.06.jpeg 1280w\" sizes=\"(max-width: 449px) 100vw, 449px\" \/><\/p>\n<p><img decoding=\"async\" loading=\"lazy\" class=\"wp-image-4657 alignleft\" src=\"https:\/\/ispsfrey-cha.infd.edu.ar\/sitio\/wp-content\/uploads\/2025\/09\/7c45eee55201d1c37ea35c0b3ec6e26e.jpg\" alt=\"\" width=\"30\" height=\"30\" \/>Si es la primera vez que quieres ingresar a una de nuestras carreras, te sugerimos registrar\u00a0 tus datos en el f<a href=\"https:\/\/insup.com.ar\/SanFernandoRey\/Ingresosv2\/inscripcion.php\">ormulario de <strong>aspira<\/strong><strong>ntes 2026,<\/strong> haciendo <em><strong>click ac\u00e1<\/strong><\/em>.<\/a> <span style=\"color: #ff0000;\"><strong>Extendido hasta el 20 de marzo!<\/strong><\/span><\/p>\n<p><img decoding=\"async\" loading=\"lazy\" class=\"alignleft\" src=\"https:\/\/ispsfrey-cha.infd.edu.ar\/sitio\/wp-content\/uploads\/2025\/09\/7c45eee55201d1c37ea35c0b3ec6e26e.jpg\" width=\"30\" height=\"30\" \/>Si quer\u00e9s conocer nuestras ofertas, ingresa al men\u00fa: CARRERAS<\/p>\n<p><img decoding=\"async\" loading=\"lazy\" class=\"alignleft\" src=\"https:\/\/ispsfrey-cha.infd.edu.ar\/sitio\/wp-content\/uploads\/2025\/09\/7c45eee55201d1c37ea35c0b3ec6e26e.jpg\" width=\"30\" height=\"30\" \/>Para consultas, env\u00edanos un correo a: <strong style=\"font-size: revert;\">alumnos.sanfernandorey@gmail.com\u00a0<\/strong><\/p>\n<p><img decoding=\"async\" loading=\"lazy\" class=\"alignleft\" src=\"https:\/\/ispsfrey-cha.infd.edu.ar\/sitio\/wp-content\/uploads\/2025\/09\/7c45eee55201d1c37ea35c0b3ec6e26e.jpg\" width=\"30\" height=\"30\" \/><a href=\"https:\/\/insup.com.ar\/SanFernandoRey\/Ingresosv2\/reimpimir.html\">Reimpresi\u00f3n del comprobante para documentaci\u00f3n<\/a>.<\/p>\n<p><img decoding=\"async\" loading=\"lazy\" class=\"wp-image-4854 aligncenter\" src=\"https:\/\/ispsfrey-cha.infd.edu.ar\/sitio\/wp-content\/uploads\/2026\/03\/WhatsApp-Image-2026-03-10-at-19.20.30-1000x563.jpeg\" alt=\"\" width=\"524\" height=\"295\" srcset=\"https:\/\/ispsfrey-cha.infd.edu.ar\/sitio\/wp-content\/uploads\/2026\/03\/WhatsApp-Image-2026-03-10-at-19.20.30-1000x563.jpeg 1000w, https:\/\/ispsfrey-cha.infd.edu.ar\/sitio\/wp-content\/uploads\/2026\/03\/WhatsApp-Image-2026-03-10-at-19.20.30-768x432.jpeg 768w, https:\/\/ispsfrey-cha.infd.edu.ar\/sitio\/wp-content\/uploads\/2026\/03\/WhatsApp-Image-2026-03-10-at-19.20.30.jpeg 1280w\" sizes=\"(max-width: 524px) 100vw, 524px\" \/><\/p>\n<hr \/>\n<h6>DOCUMENTACI\u00d3N PARA LEGAJO (<span style=\"color: #ff0000;\">los papeles que se detallan a continuaci\u00f3n, se presentar\u00e1n impresos y firmados,<\/span><span style=\"color: #ff0000;\"> en IES San Fernando Rey<\/span><span style=\"color: #ff0000;\">&#8211;\u00a0 Av Castelli 1150 de 25 febrero al 12 de marzo de 2026<\/span>). Atenci\u00f3n: *<span style=\"color: #339966;\">Ver modificaciones en certificaci\u00f3n de Salud del estudiante.<\/span><\/h6>\n<ul>\n<li>\n<h6>Comprobante formulario ASPIRANTES 2026 (<a href=\"https:\/\/insup.com.ar\/SanFernandoRey\/Ingresosv2\/reimpimir.html\">presentaci\u00f3n impresa<\/a>).<\/h6>\n<\/li>\n<li>\n<h6>Fotocopia <em>AUTENTICADA<\/em> de Partida de Nacimiento.<\/h6>\n<\/li>\n<li>\n<h6>Fotocopia <em>AUTENTICADA<\/em> de DNI.<\/h6>\n<\/li>\n<li>\n<h6>Fotocopia <em>AUTENTICADA<\/em> de Titulo Secundario o en su defecto original de constancia de Titulo Secundario en Tr\u00e1mite*.<\/h6>\n<\/li>\n<li>\n<h6>Certificado de aptitud psicof\u00edsica emitido por entidad p\u00fablica<\/h6>\n<\/li>\n<li>\n<h6>Certificado buco dental<\/h6>\n<\/li>\n<li>\n<h6>Certificado de antecedentes (puede ser provincial o nacional).<\/h6>\n<\/li>\n<li>\n<h6>Carpeta manila (de cartulina).<\/h6>\n<\/li>\n<li>\n<h6><strong>Contribuci\u00f3n voluntaria a Cooperadora ($30.000 cuota anual &#8211; Alias: <span style=\"color: #993366;\">Coop.sanfernandorey<\/span> ).<\/strong><\/h6>\n<\/li>\n<\/ul>\n<p><strong><em>Observaciones:<\/em><\/strong><\/p>\n<ul>\n<li>Las copias pueden se autenticadas por directores de Instituciones Educativas o Juzgado de Paz<\/li>\n<li>Los que tengan t\u00edtulo en tr\u00e1mite, podr\u00e1n adeudar hasta 2 unidades curriculares de la Educaci\u00f3n Secundaria y la inscripci\u00f3n ser\u00e1 como estudiante aspirante en categor\u00eda condicional. Para mayores de 25 sin estudios Secundarios completos, se deber\u00e1 rendir un Examen Nivelador.<\/li>\n<li>Aquellos Estudiantes que necesiten solicitar equivalencias\u00a0 para la presentaci\u00f3n de la documentaci\u00f3n respectiva podr\u00e1n solicitarlo despu\u00e9s de finalizaci\u00f3n Taller de ingreso.<\/li>\n<\/ul>\n<p><span style=\"color: #ff6600;\"><strong>Alumnos mayores de 25a\u00f1os que NO hayan finalizado Nivel Secundario<\/strong><\/span> deben informarlo al presentar documentaci\u00f3n. El examen ser\u00e1 el\u00a0 13\/03\/26.<\/p>\n<hr \/>\n<h5><span style=\"color: #800080;\"><strong>Taller de ingreso<\/strong>: Inicia el 16\/03\/26<\/span><\/h5>\n<p>Tiene como prop\u00f3sito acompa\u00f1ar a los ingresantes en su trayectoria formativa en la carrera elegida que ser\u00e1 sostenido durante toda la cursada de la formaci\u00f3n inicial. Este curso introductorio no es eliminatorio pero debe cumplimentarse con la asistencia y presentaci\u00f3n de las actividades propuestas.<\/p>\n<p>Las carreras de Ingl\u00e9s tienen al finalizar el mismo un examen nivelatorio a los fines de habilitaci\u00f3n de cursado de todas las unidades curriculares o solo las que se dictan en espa\u00f1ol (en cuyo caso cursan un proped\u00e9utico para lograr el nivel necesario)<\/p>\n<hr \/>\n<h5><a href=\"https:\/\/drive.google.com\/drive\/u\/0\/folders\/1aDjY43xM1ZwbiIclYkNMno3W3dQi6ZB-\">CARRERAS<\/a>\u00a0 (informaci\u00f3n acerca de carreras)<\/h5>\n<h5><a href=\"https:\/\/drive.google.com\/drive\/folders\/1rj9SZ9ytUcTg393YUgSGSm5BUUiR549y\"><span style=\"color: #3366ff;\">CUADERNILLOS DE INGRESO 2025<\/span><\/a><\/h5>\n<p><noscript><a href=\"https:\/\/www.contadorvisitasgratis.com\" title=\"contador pagina web\"><img decoding=\"async\" src=\"https:\/\/counter6.wheredoyoucomefrom.ovh\/private\/contadorvisitasgratis.php?c=5b2xzkpndr2xwsj2zt7aeaueryx3d4bz\" border=\"0\" title=\"contador pagina web\" alt=\"contador pagina web\"><\/a><\/noscript><\/p>\n\n\n<p><\/p>\n","protected":false},"excerpt":{"rendered":"<p>\u00a0 \u00a0 \u00a0 Si es la primera vez que quieres ingresar a una de nuestras carreras, te sugerimos registrar\u00a0 tus datos en el formulario de aspirantes 2026, haciendo click ac\u00e1. Extendido hasta el 20 de marzo! Si quer\u00e9s conocer nuestras ofertas, ingresa al men\u00fa: CARRERAS Para consultas, env\u00edanos un correo a: alumnos.sanfernandorey@gmail.com\u00a0 Reimpresi\u00f3n del comprobante &#8230; <a title=\"REQUISITOS PARA LA INSCRIPCI\u00d3N\" class=\"read-more\" href=\"https:\/\/ispsfrey-cha.infd.edu.ar\/sitio\/ingreso2020\/\" aria-label=\"More on REQUISITOS PARA LA INSCRIPCI\u00d3N\">[+]<\/a><\/p>\n","protected":false},"author":7,"featured_media":0,"parent":0,"menu_order":0,"comment_status":"closed","ping_status":"closed","template":"","meta":[],"acf":[],"_links":{"self":[{"href":"https:\/\/ispsfrey-cha.infd.edu.ar\/sitio\/wp-json\/wp\/v2\/pages\/1440"}],"collection":[{"href":"https:\/\/ispsfrey-cha.infd.edu.ar\/sitio\/wp-json\/wp\/v2\/pages"}],"about":[{"href":"https:\/\/ispsfrey-cha.infd.edu.ar\/sitio\/wp-json\/wp\/v2\/types\/page"}],"author":[{"embeddable":true,"href":"https:\/\/ispsfrey-cha.infd.edu.ar\/sitio\/wp-json\/wp\/v2\/users\/7"}],"replies":[{"embeddable":true,"href":"https:\/\/ispsfrey-cha.infd.edu.ar\/sitio\/wp-json\/wp\/v2\/comments?post=1440"}],"version-history":[{"count":271,"href":"https:\/\/ispsfrey-cha.infd.edu.ar\/sitio\/wp-json\/wp\/v2\/pages\/1440\/revisions"}],"predecessor-version":[{"id":4886,"href":"https:\/\/ispsfrey-cha.infd.edu.ar\/sitio\/wp-json\/wp\/v2\/pages\/1440\/revisions\/4886"}],"wp:attachment":[{"href":"https:\/\/ispsfrey-cha.infd.edu.ar\/sitio\/wp-json\/wp\/v2\/media?parent=1440"}],"curies":[{"name":"wp","href":"https:\/\/api.w.org\/{rel}","templated":true}]}}