{"id":1240,"date":"2018-08-22T14:41:18","date_gmt":"2018-08-22T17:41:18","guid":{"rendered":"https:\/\/ispsfrey-cha.infd.edu.ar\/sitio\/intelectuales\/"},"modified":"2024-05-13T12:30:20","modified_gmt":"2024-05-13T15:30:20","slug":"intelectuales","status":"publish","type":"page","link":"https:\/\/ispsfrey-cha.infd.edu.ar\/sitio\/intelectuales\/","title":{"rendered":"INTELECTUALES"},"content":{"rendered":"<p>El profesorado tiene una duraci\u00f3n de 4 a\u00f1os, con validez nacional.<\/p>\n<p>En total hay 37 unidades curriculares divididas en estos 4 a\u00f1os, algunas anuales y otras cuatrimestrales; hay 3 campos de formaci\u00f3n general, espec\u00edfico y de las pr\u00e1cticas.\u00a0Puede optar por cursar a la ma\u00f1ana o a la tarde, solo hasta segundo a\u00f1o, luego el cursado es solo por la tarde.\u00a0Hay varios tipos de cursado, presencial, semipresencial y libre.<\/p>\n<p>La funci\u00f3n como profesional es la de ense\u00f1ar a persona con discapacidad y problemas de aprendizaje, es decir buscar herramientas para que estos sujetos puedan aprender.<\/p>\n<p>El campo de acci\u00f3n laboral:<\/p>\n<ul>\n<li>Escuelas de educaci\u00f3n especial p\u00fablicas o privadas.<\/li>\n<li>Centros de d\u00eda.<\/li>\n<li>En consultorio de forma particular.<\/li>\n<li>Como monotributista con las obras sociales, solos o acompa\u00f1ando el proceso de integraci\u00f3n escolar con otros profesionales (psicopedagogos y psic\u00f3logos).<\/li>\n<\/ul>\n<p id=\"h.p_z9lqurBymHKg\" class=\"zfr3Q\"><strong>Primer a\u00f1o<\/strong><\/p>\n<p id=\"h.p_ZlPUhT2ebJBY\" class=\"zfr3Q\">Alfabetizaci\u00f3n Acad\u00e9mica<\/p>\n<p id=\"h.p_Af55siYibJBb\" class=\"zfr3Q\">Pedagog\u00eda<\/p>\n<p id=\"h.p_1OFWenpxbJBd\" class=\"zfr3Q\">Did\u00e1ctica General<\/p>\n<p id=\"h.p_3tN-CZJ-bJBe\" class=\"zfr3Q\">Neurociencia y Aprendizaje<\/p>\n<p id=\"h.p_v9XHBPQCbJBg\" class=\"zfr3Q\">Sujetos de la Educaci\u00f3n<\/p>\n<p id=\"h.p_l-2_CEJWbJBi\" class=\"zfr3Q\">Problem\u00e1tica Contempor\u00e1nea de la E.E.<\/p>\n<p id=\"h.p_siSfETNpbJBk\" class=\"zfr3Q\">Lengua y Literatura<\/p>\n<p id=\"h.p_e3dNfrCSbJBm\" class=\"zfr3Q\">Matem\u00e1tica<\/p>\n<p id=\"h.p_64Rq7GdhbJBo\" class=\"zfr3Q\">Pr\u00e1ctica Docente I<\/p>\n<p id=\"h.p_yjXNbEHtbJBq\" class=\"zfr3Q\"><strong>Segundo a\u00f1o<\/strong><\/p>\n<p id=\"h.p_1kHQRZhvbJBt\" class=\"zfr3Q\">Psicolog\u00eda Educacional<\/p>\n<p id=\"h.p_u_ign-JVbJBw\" class=\"zfr3Q\">Filosof\u00eda<\/p>\n<p id=\"h.p_rskQ1Rb1bJBx\" class=\"zfr3Q\">Cultura y Lenguas Originarias<\/p>\n<p id=\"h.p_5eYHLGm0bJBz\" class=\"zfr3Q\">Tecnolog\u00eda de la Informaci\u00f3n y la Comunicaci\u00f3n en Educaci\u00f3n<\/p>\n<p id=\"h.p_QEo3AQCRbJB1\" class=\"zfr3Q\">Educaci\u00f3n Psicomotriz<\/p>\n<p id=\"h.p_oTUaQyxYbJB3\" class=\"zfr3Q\">Lengua y Literatura y su Did\u00e1ctica<\/p>\n<p id=\"h.p_eEJfJq1lbJB5\" class=\"zfr3Q\">Matem\u00e1tica y su Did\u00e1ctica<\/p>\n<p id=\"h.p_Sl0Bok0_bJB8\" class=\"zfr3Q\">Diversidad Funcional<\/p>\n<p id=\"h.p_1Fc_BTa4bJB-\" class=\"zfr3Q\">Alfabetizaci\u00f3n Inicial<\/p>\n<p id=\"h.p_lHd5Ud4TbJCA\" class=\"zfr3Q\">Desarrollo del Lenguaje<\/p>\n<p id=\"h.p_2Y6sbJ7dbJCD\" class=\"zfr3Q\">Pr\u00e1ctica Docente II<\/p>\n<p id=\"h.p_S1Do0I2QbJCG\" class=\"zfr3Q\"><strong>Tercer a\u00f1o<\/strong><\/p>\n<p id=\"h.p_RJKuz7PkbJCJ\" class=\"zfr3Q\">Ciencias Sociales y su Did\u00e1ctica<\/p>\n<p id=\"h.p_6Mnw_fjUbJCL\" class=\"zfr3Q\">Ciencias Naturales y su Did\u00e1ctica<\/p>\n<p id=\"h.p_vUpBNpcrbJCO\" class=\"zfr3Q\">Abordaje Pedag\u00f3gico I<\/p>\n<p id=\"h.p_rVFAa5TKbJCQ\" class=\"zfr3Q\">Sociolog\u00eda de la Educaci\u00f3n<\/p>\n<p id=\"h.p_QYFbigbBbJCR\" class=\"zfr3Q\">Historia y pol\u00edtica de la Educaci\u00f3n Latinoamericana, Argentina y Chaque\u00f1a<\/p>\n<p id=\"h.p_AjaCWorNbJCT\" class=\"zfr3Q\">TIC en Educaci\u00f3n Especial<\/p>\n<p id=\"h.p_HPCAxC3TbJCV\" class=\"zfr3Q\">Educaci\u00f3n Sexual Integral<\/p>\n<p id=\"h.p_4Fpfu8pPbJCX\" class=\"zfr3Q\">Pr\u00e1ctica Docente III<\/p>\n<p id=\"h.p_VbL_DL1dbJCd\" class=\"zfr3Q\"><strong>Cuarto a\u00f1o<\/strong><\/p>\n<p id=\"h.p_z31JWOKBbJCq\" class=\"zfr3Q\">Formaci\u00f3n en Derechos Humanos, \u00c9tica y Ciudadan\u00eda<\/p>\n<p id=\"h.p_ZqEdEOPJbJCs\" class=\"zfr3Q\">Educaci\u00f3n Rural<\/p>\n<p id=\"h.p_XJu8fw0ebJCu\" class=\"zfr3Q\">Artes en Educaci\u00f3n Especial I: Artes Visuales<\/p>\n<p id=\"h.p_XxHorH0NbJCx\" class=\"zfr3Q\">Artes en Educaci\u00f3n Especial II: Expresi\u00f3n Corporal y Musical<\/p>\n<p id=\"h.p_VVJNfMx-bJCz\" class=\"zfr3Q\">Abordaje Pedag\u00f3gico II<\/p>\n<p id=\"h.p_g3FZ-AGwbJC0\" class=\"zfr3Q\">Formaci\u00f3n Pre Profesional y Ocupacional<\/p>\n<p id=\"h.p_W8ycbSqYbJC3\" class=\"zfr3Q\">Detecci\u00f3n de Barreras al Aprendizaje y la Participaci\u00f3n<\/p>\n<p id=\"h.p_oaU7QAQnbJC5\" class=\"zfr3Q\">Subjetividad y Discapacidad<\/p>\n<p id=\"h.p_bUi0p29FbJC7\" class=\"zfr3Q\">Residencia Pedag\u00f3gica<\/p>\n","protected":false},"excerpt":{"rendered":"<p>El profesorado tiene una duraci\u00f3n de 4 a\u00f1os, con validez nacional. En total hay 37 unidades curriculares divididas en estos 4 a\u00f1os, algunas anuales y otras cuatrimestrales; hay 3 campos de formaci\u00f3n general, espec\u00edfico y de las pr\u00e1cticas.\u00a0Puede optar por cursar a la ma\u00f1ana o a la tarde, solo hasta segundo a\u00f1o, luego el cursado &#8230; <a title=\"INTELECTUALES\" class=\"read-more\" href=\"https:\/\/ispsfrey-cha.infd.edu.ar\/sitio\/intelectuales\/\" aria-label=\"More on INTELECTUALES\">[+]<\/a><\/p>\n","protected":false},"author":7,"featured_media":0,"parent":0,"menu_order":0,"comment_status":"closed","ping_status":"closed","template":"","meta":[],"acf":[],"_links":{"self":[{"href":"https:\/\/ispsfrey-cha.infd.edu.ar\/sitio\/wp-json\/wp\/v2\/pages\/1240"}],"collection":[{"href":"https:\/\/ispsfrey-cha.infd.edu.ar\/sitio\/wp-json\/wp\/v2\/pages"}],"about":[{"href":"https:\/\/ispsfrey-cha.infd.edu.ar\/sitio\/wp-json\/wp\/v2\/types\/page"}],"author":[{"embeddable":true,"href":"https:\/\/ispsfrey-cha.infd.edu.ar\/sitio\/wp-json\/wp\/v2\/users\/7"}],"replies":[{"embeddable":true,"href":"https:\/\/ispsfrey-cha.infd.edu.ar\/sitio\/wp-json\/wp\/v2\/comments?post=1240"}],"version-history":[{"count":2,"href":"https:\/\/ispsfrey-cha.infd.edu.ar\/sitio\/wp-json\/wp\/v2\/pages\/1240\/revisions"}],"predecessor-version":[{"id":4266,"href":"https:\/\/ispsfrey-cha.infd.edu.ar\/sitio\/wp-json\/wp\/v2\/pages\/1240\/revisions\/4266"}],"wp:attachment":[{"href":"https:\/\/ispsfrey-cha.infd.edu.ar\/sitio\/wp-json\/wp\/v2\/media?parent=1240"}],"curies":[{"name":"wp","href":"https:\/\/api.w.org\/{rel}","templated":true}]}}